 + j**2 - 6*j - 11. Is b(2) a prime number?
True
Is (-9291 - -34)*(0 + 1)*-1 prime?
True
Suppose -6*p + 4491509 = 10*p - 486779. Is p a composite number?
True
Suppose 0 = -5*h - k + 18776 - 4706, k = -3*h + 8440. Is h prime?
False
Suppose 3*f - 2*n = 1496219, 14*f + 4*n + 997482 = 16*f. Is f prime?
True
Let u = -427 + 434. Suppose -10*d + 149447 = u*d. Is d prime?
False
Suppose -5*c = -4*c - 1257. Let w(j) = -j**3 + 21*j**2 + 28*j - 43. Let u be w(22). Suppose -u*b = -86*b - c. Is b prime?
True
Let p = 311 - 308. Suppose -p*r - 4*v + 18828 = v, 2*r + 3*v - 12553 = 0. Is r prime?
False
Let k(o) be the second derivative of 161*o**4/12 + 5*o**3/6 - 5*o**2/2 - 3*o + 2. Is k(2) a composite number?
True
Let y be (-2)/6 - (2 + (-121764)/9). Suppose -y = p - 4*p + 4*w, -3*p - 2*w = -13545. Is p a prime number?
True
Let r = 547726 - 369825. Is r a prime number?
False
Let h(s) = s**3 + 5*s**2 + 2*s - 2. Let a be h(-3). Let w(v) = 238*v**2 + 10*v + 57. Is w(a) a prime number?
True
Suppose 2*v = 5*u + 24 - 1, -6 = -3*v - 2*u. Suppose -o + 12 = v*o - q, 2*q = o - 6. Suppose -4*a + 588 = 4*g, 743 = 3*a + o*a + g. Is a a prime number?
True
Suppose 3*g - 7*g = -8. Suppose -4*h = -z + 3*z - 10, 3*h = -z + 5. Is (g - h/1) + 4607 prime?
False
Let r(q) = -709*q - 2291. Is r(-52) prime?
False
Suppose -4*d + 6936 = 4*v, 4*d + 3*v - 5670 = 1264. Suppose 4*c + 18*a - 2324 = 16*a, 2905 = 5*c - 5*a. Suppose j = -c + d. Is j a prime number?
True
Let b = 216 + -183. Suppose b*z = 28*z + 6295. Is z prime?
True
Suppose -v - 2*q + 3 = 0, -q = v + v - 9. Suppose -4*h + u = -u - 11064, 10 = v*u. Is h prime?
True
Suppose 111591086 = 351*v - 88*v + 22287069. Is v a composite number?
True
Let j be (-3 - (-6 + 497))*39/(-2). Suppose -303 = 3*f - j. Suppose -2*y = -4*d + f, -6*y = 2*d - y - 1561. Is d a composite number?
True
Suppose -3*b - 5 = -d, 17*b - 15*b + 4 = 0. Is d + 680*-34*5/(-20) a prime number?
True
Is (4/(-6) - -1)/(91/17182347) a composite number?
False
Suppose 19 - 56 = -i - 5*w, 0 = i - w - 25. Let k = i + 906. Is k a prime number?
False
Let b(t) = 617*t**2 - 943*t - 5599. Is b(-6) a composite number?
False
Let g be 12522 + 4/8*-10. Let z = -2850 + g. Is z a composite number?
True
Let v(f) be the first derivative of 14*f**3 + 11*f**2/2 + 7*f + 100. Is v(-4) a composite number?
True
Let q be 2/4*(2 + 914). Let l = 1580 - q. Let v = l + -335. Is v composite?
False
Let z = 790 + 2008. Let r(c) = c**3 + 9*c**2 + 3*c - 17. Let l be r(-8). Suppose -21*j = -l*j + z. Is j a prime number?
True
Let j be (-22)/(-4) + (-3)/6. Suppose -4*l - j*l - 405 = 0. Is (0 + (-214)/4)*(l + 19) prime?
False
Suppose 57*f + 2800 = 56*f. Let l = f + 7369. Is l a prime number?
False
Let s(f) = f**3 - 2*f**2 + 12*f - 43. Let q be s(24). Suppose 0 = 8*p - q - 5363. Is p composite?
True
Suppose -29*c - 67158 = -16*c. Let t = 10843 + c. Is t composite?
True
Let a(m) = 1615*m**2 - 43*m + 569. Is a(12) composite?
True
Let w = 4 + -2. Suppose -t = -w*k + k + 4, -12 = -2*k + 4*t. Suppose -5*c = -4*g - 1895, -k*c - 4*g = -579 - 179. Is c prime?
True
Let k(i) = -3*i - 24. Let p be k(-4). Let n be ((-3)/(-12))/((-1)/p). Suppose -2*w = 8, w = -2*j + n*j - 71. Is j a composite number?
False
Suppose 778 = 3*a - 566. Suppose -748 = -g - 3*s + a, 5*s - 1206 = -g. Is g a composite number?
False
Suppose -5*h = -3*y - 89402 + 1410021, y - 440207 = 2*h. Is y composite?
False
Suppose 0 = 5*y - 2*j + 71, -14*y + 69 = -19*y + 3*j. Is ((-26)/10)/(-7*y/(-145425)) a prime number?
False
Suppose 5*r = -25, 0 = -3*c + 5*r + 25155 + 169111. Is c composite?
False
Let x(j) = -j**3 + 6*j**2 - 10*j + 3. Let k be x(10). Let p = k - -1198. Is p a prime number?
True
Suppose b = -a + 6*a - 5, -3*a + b = -5. Is ((1 - a) + 12852)*(-15 + 16) prime?
True
Suppose -31*x + 27*x + 12835166 = -3*g, -4*x + 12835178 = 3*g. Is x prime?
False
Suppose -21 = -12*v - 189. Let t(i) = -26*i - 7. Let j be t(v). Suppose 5*z = -o + 1681, z - j = -o + 6*o. Is z a composite number?
False
Suppose -91*k + 87*k = 4*b - 48988, 4*b = -5*k + 61235. Is k prime?
False
Suppose -12432 = -30*l + 33*l. Let f = 5853 + l. Is f prime?
True
Let i be 1100/(-150)*(-2)/4*144513. Suppose 15*f - i = -18*f. Is f a composite number?
False
Let j = 9505 + -5507. Suppose -7632 = -10*z + j. Is z composite?
False
Suppose 5*v = -10*x + 9*x + 94951, 75961 = 4*v + x. Is (2 - 10/4)/((-9)/v) composite?
True
Suppose 5*l - 2*m - 50115 = 0, -6*m + 9*m + 15 = 0. Is l prime?
False
Let l(v) = 281*v**2 + 25*v + 533. Is l(-48) composite?
False
Let o(v) = 22883*v - 449. Is o(8) a composite number?
True
Let v(t) = -t**3 - 15*t**2 + 17*t + 21. Let f be v(-16). Suppose f*z - 7426 = c + 11663, 15260 = 4*z + 2*c. Is z a composite number?
True
Let a be -8 - (-250)/30 - 86069/(-3). Let p = a - 19685. Is p a prime number?
False
Let d(p) = p**2 - 5*p + 10. Let i be d(4). Is (1189 - 7) + (i - 1) composite?
False
Let p = 34 - 32. Suppose -p - 6 = -4*v. Suppose 4*d + 2*a = -v*a + 3948, 4*a = 3*d - 2989. Is d composite?
False
Is (-1 - (-7426492)/12) + 9 - 4/(-6) composite?
False
Suppose 1680*s - 4338587 = 1663*s. Is s a composite number?
True
Let v be 12/(21/(-6) - 1)*-72. Suppose 352 = 2*m - 2*r, m - 5*r = -0*m + v. Let l = m + 106. Is l composite?
True
Let f(c) = -22*c + 21. Let j be f(6). Let y be j/(-2)*((-77)/(-21) - 7). Is (-1)/((-5)/y)*-31 prime?
False
Let k be ((-245)/(-14))/(((-10)/216)/(-5)). Suppose -562 - k = -g + q, -4*g = 2*q - 9814. Is g prime?
False
Suppose -4*k = -6*k. Suppose 2*w = -5*h, k = 2*w - 7*w. Is 111 + 3/(0 + 9)*h composite?
True
Let c be ((-49)/(-7))/(-7) + -10918. Let x = -5380 - c. Is x composite?
True
Suppose 0*q - 6*q + 366 = 0. Let u = 79 - q. Is 13/5 - u/30 - -887 a prime number?
False
Let g be 3/(-6) + ((-585)/(-6))/(-5). Is 4/(g/(-365)) + -4 a composite number?
True
Suppose 0 = 4*b - 4*g - 17769968, 31097543 = 7*b - 2*g + 6*g. Is b a prime number?
False
Suppose -30*i = -26*i - 32. Suppose 0 = -2*h + f + 35, i*f + 65 = 3*h + 4*f. Is h a prime number?
False
Suppose 0 = -4*i, -5*b = -3*b + 5*i - 6046. Suppose 4*w + b = -2*q + 3*q, -5*q = -4*w - 15067. Is q a prime number?
True
Let b(y) = -13*y**3 - 21*y**2 - 9*y - 6. Let q(d) = -2*d**3 - d**2. Let g(z) = -b(z) + 6*q(z). Is g(11) composite?
False
Suppose 11*w = 5*l + 15*w - 662, 4*l = w + 538. Is l a composite number?
True
Let s = 194512 + -45783. Is s a prime number?
False
Let s(h) = 852*h**3 - 2*h**2 - h + 5. Let w be s(2). Suppose 2*c - w = -5*q + 4*c, 5*c + 4098 = 3*q. Is q prime?
True
Let d(c) = -c**3 + 90*c**2 - 44*c + 196. Is d(89) prime?
True
Let c(u) be the third derivative of u**6/120 - u**4/12 + 3382*u**3 - 33*u**2. Let q be c(0). Suppose 1331 = -p + 4*d + 6392, q = 4*p - 4*d. Is p prime?
True
Suppose 5*g + 23741 + 9257 = h, -4*g + 32971 = h. Is h a prime number?
True
Let d = -155 - -155. Suppose d = 2*r - p - 1964, -r = -2*r + 3*p + 977. Is r composite?
False
Let v(r) = 2*r**2 - 20*r - 15. Let n be 6 - (4 + -6 + 0). Let z be 5 + n + (4 - 0). Is v(z) a composite number?
False
Suppose 0 = -4*d + 4*s, -2*s + 28 = 3*d + 2*s. Suppose -d*n - 4*n = 56. Is n*(-4 - (-1 - -2)) prime?
False
Let b(p) = 166*p**2 - 207*p + 47. Is b(12) composite?
False
Let v(i) be the first derivative of 191*i**3/3 + i**2 - 43*i - 82. Is v(8) prime?
True
Let d = -5245 - -10746. Is d prime?
True
Let u be -367*(3 + -1)*2. Let m = 742 + u. Let g = m + 1033. Is g prime?
True
Let z(r) = 16*r**2 + 206*r - 203. Is z(45) composite?
False
Is 14/(-4)*683710*(-3)/35 prime?
False
Let o(t) = -t**3 - 18*t**2 - 14*t + 56. Let k be o(-17). Suppose 5*d - 2*b - 3724 = 0, 2*b + 3736 = k*d + 4*b. Is d prime?
False
Let s(q) = -15*q**2 + 7*q + 151. Let n be s(-9). Let x = 834 + -1444. Let w = x - n. Is w a prime number?
False
Suppose 5*d = -2*u + 17, 11*u + 1 = 2*d + 6*u. Is (1696788/84)/d + (-4)/14 a composite number?
False
Let i = 264671 - 47716. Is i a composite number?
True
Let q(h) = 2290*h - 1197. Is q(4) composite?
False
Suppose 51*s - 1493677 + 178234 = 0. Is s a composite number?
False
Suppose -3 = -q, 3*q = -2*u - 1072 + 13633. Let b = u + -4271. Is b prime?
False
Suppose 0*t + 3 = 3*t. Let x be 8/6*(-18)/(-8). Is t/4 + 6715/20 + x composite?
True
Let u(c) = 2*c**3 + 8*c**2 - 9*c - 10. Suppose -67*z - 25 = -72*z. Is u(z) prime?
False
Let s = -200 + 3